te 18 - 13 - (4 - (13 + 3 + -4)).
13
15 - -2 - (1 - 100 - (-219 - -196))
93
-9 + (18 - 17) - (3 - 5) - 21
-27
-19 + -1 + 667 + -601 + -9 + 0
37
Evaluate 92 + -75 + (101 - 39).
79
99 + -49 + -14 + -6 + -1
29
What is the value of 0 + -1 + 26 + 2 + -22 + -56 + 111?
60
Calculate (9 - ((-12 - -15 - -80) + 6 - 1)) + -9.
-88
Calculate -10 + (-32 - -24) + -20 + -19.
-57
What is 28 - (2 - -4 - (-158 - -143))?
7
What is the value of -5 + (36 - (24 + 28 + -50))?
29
Evaluate (130 - 85) + 43 + -12.
76
Calculate -92 + -1 + (-4538 - -4597).
-34
Calculate 120 + (-8 - (4 + 0) - -9) - 8 - -6.
115
What is the value of -97 - (-5 - 40 - -42 - 26)?
-68
-117 + 112 - (-36 + -7 + 8)
30
What is the value of -30 - -26 - (9 - 50 - -2)?
35
-56 + (2 + 2 - (4 + 6 + 4 - 19))
-47
What is -52 + 2 + (-9 - -8) + 1 - (0 - -9)?
-59
Calculate -35 + -7 + 23 + (-20 - 5).
-44
-3 + 18 + 24 + -16 + 6
29
What is the value of (-1 - -5) + -1 + -9 + (-773 - -681)?
-98
Evaluate 29 + -8 + 12 + -60 + -28.
-55
Evaluate -33 - (31 - 66 - -35).
-33
Calculate (-26 + 17 + -6 - (-11 - 1)) + -14.
-17
What is (-40 - -18) + 16 - -23 - -1?
18
(-10 + -8 - -11) + (10 - -4) - 16
-9
Evaluate 1 - -8 - (18 + (1 + -23 - -7)).
6
-84 + -2 + -21 + -59 + 69 + -10
-107
What is the value of (-61 + -52 - -32) + 45?
-36
Evaluate 1258 + -1260 + (7 + -3 - 50).
-48
Calculate 154 - (46 + -12 + 8 + -18 - 15).
145
Calculate -4 + 42 + (7 - (-71 - -85)).
31
What is 110 - 0 - ((3 - 19) + (84 - 55) + -18)?
115
Evaluate 18 - (-19 - -5 - (53 - 71) - -37).
-23
Calculate (-13591 - -13502) + (-2 + 2 - -2).
-87
Evaluate (46 - (-39 + 177)) + (13 - -1 - 3).
-81
(1 - 37) + -65 + (22 - -66)
-13
What is 124 - (-120 + 253) - -150?
141
What is -122 + 5 - (-2 + (12 + -4 + -1 - 20))?
-102
Calculate -10 - 2 - (-85 + -22 + 83).
12
What is -12 + (-15 - (-20 + 7)) + -26 + 4?
-36
What is the value of 37 + 3 - (-25 - -5 - -17)?
43
Calculate -5 + (19 - (-7 - -18) - 11 - (-1 - 31)).
24
What is the value of -3 - 73 - (648 + -751)?
27
What is the value of 35 + (-30 - (26 + -37)) - -30?
46
What is 11 + (40 + -2 - (-3 + -10))?
62
What is (20 - 3) + 1583 + -1480?
120
Calculate 8 - (57 + -71 + 23).
-1
What is (5 - 41) + 42 + 16?
22
What is the value of 65 - (-14 - -5 - -57 - 22)?
39
What is the value of -2 + 1 + (-7 - 1) - (207 + -215 + 0)?
-1
What is the value of 53 - (-61 - -84 - -30)?
0
(0 - 2) + 4 - (-49 + (-22 + 8 - -10))
55
Evaluate -29 - 1 - ((-131 + 139 - (1 - -4)) + 6).
-39
Calculate -66 + 29 + -2 - 2.
-41
Calculate (-128 + 135 - -125) + -12 + 1 + -1 + 3.
123
80 - (-135 + 146 - (35 - -7))
111
What is 53 - (52 + 18) - -59?
42
What is -7 - (18 - 36) - (-3 + 56)?
-42
Evaluate 1 + (-14 - -13) + (19 - 35).
-16
Calculate -1 + 13 + (12 - 22 - -4 - 36).
-30
Evaluate -6 + (3 - 6 - -9) + -9 - 5 - 7.
-21
What is 13 + (-16 - (16 - 8)) + 25 + 30?
44
What is the value of (3 - 18) + (-186 - -159 - 55)?
-97
Evaluate (11 - (-15 + -22)) + -93.
-45
What is the value of -100 + 55 + 48 + -51?
-48
What is the value of 2 - (0 + -44 - -2) - (-252 + 241)?
55
Evaluate -85 + 81 + (-5 - -3 - 4) + 51.
41
67 + (-20 - (13 - 65 - -19) - (-2 - -3))
79
What is the value of (14 - 12) + (21 - -48)?
71
What is (10 - -61) + -8 + (-7 - 16) + 35?
75
Evaluate -9 + 5 + (19 - 19) - 19.
-23
What is the value of 4 - -6 - (-7 + -4 + 9 + 3 - 35)?
44
Evaluate (1 - -60) + 209 + -230 - 2.
38
Evaluate -18 - ((0 - 11) + -125 + 130).
-12
What is the value of (17 + -15 - 15) + 9 - (8 + -32)?
20
-22 + -13 - (-135 + 64)
36
What is the value of (86 - 121) + 26 + (21 - (-3 + 1))?
14
What is the value of 152 - 100 - 14 - 88?
-50
What is the value of -1392 + 1430 - (2 - 0)?
36
Calculate 0 + -25 - (-511 + 537).
-51
Evaluate -4 + 5 + (35 - (-28 - -115)) + -22.
-73
(153 - 145) + (7 - (2 - -6))
7
13 - (-2 + (-2 - -4) - (-23 - -135 - -18))
143
What is 7 + -14 + -17 + -2?
-26
What is the value of 0 + -1 - (4 - 0 - -8) - 0?
-13
What is (-45 - -45) + (45 + -5 - 14)?
26
0 + 1 + -41 + 69
29
What is the value of (24 - -1 - 25) + 79 + -18?
61
(94 + -64 - -9) + -37 + (9 + 2 - 2)
11
(-22 - (-60 + 16)) + -68
-46
Calculate 115 + -342 + 67 - -210.
50
What is (1 - 31) + (136 - (31 - -30))?
45
-1 - 0 - 21 - (32 + -47 - -3)
-10
What is 0 + 92 + (26 - 28) - 13?
77
Calculate (65 - -12 - 88) + (5 - (0 - -1)).
-7
Calculate -65 - -152 - 19 - 94.
-26
What is -35 + (-4 - -2) - -9 - (0 + -1)?
-27
What is the value of -17 - (-27 + 34 - 29)?
5
What is the value of 47 + (38 - (51 - -31))?
3
(-7 - (9 + -10)) + 2 + 5 + 47
48
What is 1 + 15 + (-883 - -931)?
64
What is the value of -2 + (22 - -14) + -19 + (5 - (-2 - 2))?
24
What is 14 - (-23 + (-57 - (6 - 28)) - 13)?
85
Evaluate -129 + 170 - (-4 + 4).
41
Evaluate (9 - (15 - (2 - (-17 + 30)))) + 9.
-8
-1 + (33 - (64 - 18) - (59 + (-4 - -1)))
-70
Calculate (-13 - (-19 - -60 - 31)) + 31.
8
Evaluate (20 - 22) + 52 - (9 + -6 - 6).
53
What is -10 - ((-7 + 16 - 18) + -7 + (-43 - 3))?
52
What is the value of -3 + (37 - 23) + (-19 - -14)?
6
What is -785 + 738 - (0 + 0 - (23 - 25))?
-49
What is the value of (3 - -10) + (-54 - (-29 + -55))?
43
Calculate -3 + (11 - 3) + -6 + (-19 - 10) + -19.
-49
Calculate 9 + (-12 - -9) + 11 + -4 + (4 - 0).
17
Calculate (1 - -2) + (-1 - -3) - 6 - 1 - 57.
-59
Calculate 4 - 0 - ((20 - 10) + -12) - (-1 - -17).
-10
What is 42 + (-64 - -75) + -17?
36
What is the value of (-21 - -22) + 37 + -2 - 16?
20
What is the value of (-56 + 1 - -12) + -5 + 14 + -8?
-42
Calculate 19 + 4 - (17 - (51 + -3)).
54
What is 8 + 3 - (-44 + -15 + 75)?
-5
What is the value of (-3 - 16 - (-3 - (-3 + 10))) + 11?
2
What is the value of (-1 - -7) + 16 + -18 + 11 + -35?
-20
Evaluate (8 - (14 - 29)) + -11 + -46.
-34
Calculate -14 - (10 + -41 + 23 + 24).
-30
What is 21 + -329 + 147 - -85?
-76
What is (16 - (28 + -38 - -113)) + 28?
-59
-10 - (-27 - (-8 + -1 - -14))
22
Evaluate -51 - ((-48 - -19) + 12 + 15 - 16).
-33
8 - ((19 - 53) + 52)
-10
Calculate 8 + -3 + -5 + (13 - 9) + -41.
-37
What is the value of -6 + (27 - -2) + 25?
48
What is the value of -9 + (-20 - (7 - 56)) + -20?
0
Evaluate 22 + 0 - (6 - (20 + -25)).
11
(5 - (44 - -5) - 13) + -24
-81
What is the value of 74 + -29 + -110 + -7?
-72
643 + -692 + (136 - -17)
104
Evaluate (3 - 5 - (-8 + -19 - 14)) + -5.
34
Evaluate 17 - ((6 - (-2 - -20)) + (4 - -4)).
21
Evaluate 9 + (27 - -4 - 26) + -23.
-9
What is the value of (6 - 5) + -20 - (24 - (43 + -7))?
-7
Evaluate 3 + -22 - (139 - 143).
-15
What is 134 - (-12 - -246) - -58?
-42
What is (-91 - -210 - 246) + 229?
102
-17 + (160 - 109 - 102)
-68
What is the value of -6 + (59 + -53 - (-1 + -1 + -2)) + 65?
69
What is the value of 4 - 7 - -34 - (243 - 240)?
28
What is the value of (-1 - -199) + 11253 + -11352?
99
(2 - 49) + (-191 - -87) + 61
-90
What is (-13 - (-19 - -13)) + 10 + -7 + -4 + 12?
4
What is 30 - (-6 + 12) - (46 + -68)?
46
What is the value of (-15 - (2 - (13 - -2))) + 21 + 58?
77
(-21 - (-11 + (-6 - -19 - 6))) + 143
126
Calculate -2 + -35 + (-568 - -698).
93
What is (-3 - (2 - 7 - 1)) + -17?
-14
What is the value of -1 + 7 + -1 - (45 + 0 + (12 - -3))?
-55
Evaluate ((-8 - -12) + 0 - 9) + 94 + 0.
89
Evaluate -28 - (-19 + 5 + 15 + -22).
-7
What is the value of -49 + (102 - 11) - 9?
33
Evaluate -3425 - -3433 - (81 + 1).
-74
What is the value of (-1 - -46) + (846 - 937)?
-46
74 + -80 + 68 + -11 + 2
53
Calculate 103 - ((4 - -59) + -2).
42
What is -75 + -1 + (1 + 0 - -16 - (-40 - -48))?
-67
What is (-230 - -183) + 44 + 12?
9
Calculate 2 + 18 - 41 - -17 - (3 - 1).
-6
What is the value of (20 - (-9 + (17 - 9))) + 2 + 11 + 1?
35
-558 + 475 + (0 - 0) + 5 - -3 - -6
-69
What is -16 - ((12 - (-27 + -15) - -18) + 3)?
-91
What is the value of (51 - 1) + 2409 + -2446 - (44 + 0)?
-31
Calculate (15 - 10 - 19) + -19 + -8.
-41
Evaluate -14 - 25 - (-145 - -60).
46
Calculate (53 - 64) + 0 + -38 + -6 - (-5 + -5).
-45
Calculate (-1 - 14) + (-12 + 39 - (67 + -50)) + 35.
30
What is the value of 72 + (-1 - -2) - (35 + 29 + -50)?
59
172 + (-52 - (-57 - -86))
91
What is -56 - (27 + -40 + 19 - 6)?
-56
(-58 - -83) + -11 - 28
-14
25 - ((11 - 4 - 6 - 7) + (76 - 62))
17
What is the value of 4 + -12 - 11 - -81 - (2 + 5 + 0)?
55
(-5 + 1 - 1) + (91 + -52 - (16 + -1))
19
Calculate 23869 + -23854 + (-2 - -103 - (-3 + 2)).
117
What is (93 - (-51 + 113)) + -70 + -8?
-47
758 + -738 + (-42 - (5 + -6))
-21
What is the value of (37 - 0)